 common factor of h and 228?
12
Let a be (-2670)/(-54)*6 + 1/3. Let g = 341 - a. Calculate the greatest common divisor of g and 396.
44
Let q = -517343 - -517348. Suppose 10 = 5*c - 5, 1069 = 4*a + 3*c. What is the highest common divisor of q and a?
5
Let o be (3/(-2))/(3/(-435)*30/64). Let a = -28 + 44. Calculate the greatest common divisor of o and a.
16
Let c be 11 + 3*(-100)/30 - (-10)/2. What is the highest common divisor of 1914 and c?
6
Let c = -27 + 30. Suppose c*p - t = -101 + 5, 5*p - 2*t + 159 = 0. Let x = 45 + p. Calculate the highest common factor of 30 and x.
6
Let v be 33 + 1/(2 + -3). Suppose -14*y + 5*s + 1231 = -12*y, 5*y - 3055 = 5*s. What is the highest common factor of v and y?
32
Let m = -127918 - -127929. Let l = 557 - 205. What is the highest common divisor of m and l?
11
Suppose 455*i - 467*i - 36 = 0. Let p be 21*(-1)/i*(0 + 4). Calculate the greatest common divisor of p and 10.
2
Let w = 48 + -39. Suppose 12*z - 10*z = 162. What is the greatest common divisor of w and z?
9
Let z(h) = -h**2 + 31*h + 912. Let y be z(49). Calculate the highest common divisor of 730 and y.
10
Let i = 85 - 80. Suppose i*p - 252 = -9*p. Let h(l) = -l**3 + 3*l**2 + 2*l. Let b be h(3). Calculate the highest common factor of p and b.
6
Let l(i) = 8*i**3 - i**2 + 2*i - 1. Let m be l(2). Let s = 161 - m. Calculate the greatest common divisor of s and 14.
14
Suppose 2*g + 2*g + 5*n = 67, 0 = g + 4*n - 25. Let v = g + 3. Suppose m = -3*m + v. What is the highest common factor of 20 and m?
4
Let f = -774 - -1966. Calculate the greatest common factor of f and 3427.
149
Let w be ((-50)/4)/((-1)/2). Suppose -965 = w*m - 5690. Calculate the greatest common factor of m and 7.
7
Suppose -6913*h = -6911*h - 10142. What is the greatest common divisor of 77 and h?
11
Suppose 3*y = 14193 - 14136. Calculate the greatest common factor of y and 76.
19
Let m be ((-42)/(-10) - 3)/(9/60). Suppose 55 + 173 = 3*s. Calculate the greatest common divisor of s and m.
4
Suppose 2*g + 4*h - 2741 = 3329, 5*g - 15203 = -3*h. What is the greatest common divisor of g and 68?
17
Let u(h) = 4*h**2 + 28*h. Let a be u(-8). Let w be 1392/14*112/a. What is the highest common divisor of 24 and w?
12
Suppose -2*c + 463 + 1593 = -4*b, -6136 = -6*c - 4*b. What is the greatest common factor of c and 256?
256
Let w be (-161)/(-4) - (-1)/(-4). Suppose 2*l = -5*d + d - 3918, 2945 = -3*d + 5*l. Let t = 1004 + d. Calculate the greatest common factor of w and t.
8
Let i(z) = 195*z - 379. Let s be i(2). Calculate the highest common divisor of s and 3718.
11
Let g(z) = z + 5. Let y be g(0). Suppose -x = 3*c - 167, 3*x - y*c = 667 - 222. Suppose 5*h - 71 - 239 = 0. What is the greatest common factor of h and x?
31
Let y be 95008/88 - 24/(-66). Calculate the highest common factor of y and 405.
135
Let s be 350*1 - (-50 + 48). Suppose 3*i + 0*p - 186 = 3*p, 2*i + 3*p = 134. Calculate the highest common divisor of i and s.
32
Let o = -154 - -158. Let u be 2 + o + 16 + -1. Calculate the greatest common factor of u and 9.
3
Let a(n) = -n**3 + 5*n**2 + 5. Let j = 65 + -38. Let r = 32 - j. Let u be a(r). Calculate the highest common factor of u and 55.
5
Suppose 0 = 208*s - 210*s - 5*v + 134, 4*v = 24. What is the highest common factor of s and 5252?
52
Let u(t) = 16*t**2 + 63*t - 554. Let p be u(11). What is the highest common divisor of 25 and p?
25
Let p = -1957 - -3133. What is the highest common factor of 144 and p?
24
Let u(t) = t**2 + 21 + 158*t - 82*t - 93*t. Let z be u(-7). Calculate the greatest common divisor of 21 and z.
21
Let p = 417 + -394. Let v be (-24)/(-4) + -1 + p. Calculate the highest common divisor of 14 and v.
14
Suppose 0 = 6*g - 21 - 57. Let q = 13 - g. Suppose q*f = -4*f + 56. Calculate the greatest common divisor of f and 70.
14
Let u(y) = y**2 + 4*y + 6. Let g be u(-4). Suppose -7*h + g*h = -34. What is the greatest common divisor of 272 and h?
34
Let b be (50/(-20) - (-3 - -1))*-6. Suppose b*y - 159 = -3*g - 0*y, 0 = -2*g - 3*y + 101. Calculate the highest common divisor of 58 and g.
58
Let l = -554 + 518. Let p = 108 + l. Calculate the highest common divisor of 936 and p.
72
Suppose 152 = -2*x + p, -3*x + 0*x - 2*p - 221 = 0. Let r be -4 + x/(-2)*6. What is the highest common factor of 13 and r?
13
Let r = 7816 - 7793. What is the greatest common factor of r and 8418?
23
Let q be -36*11/((-231)/56). Let z be (-24)/q + (-2242)/(-8). Calculate the highest common divisor of 40 and z.
40
Suppose -2*t + 3*s = -47, 4*t + 3*s - 15 - 34 = 0. What is the highest common divisor of 944 and t?
16
Suppose 41*y - 38*y = -6. Let g be (21/(-12))/(y/(-24)). Let f be (-3)/g - (-695)/35. Calculate the highest common divisor of 180 and f.
20
Let n(h) = 7*h**2 + 245*h - 4281. Let a be n(16). Calculate the greatest common factor of a and 53.
53
Let d(n) = -5*n**3 - 27*n**2 - 4*n - 28. Let r be d(-7). What is the highest common divisor of r and 700?
28
Let y be 995/1194 + (-1 - (-410)/12). What is the greatest common factor of y and 2227?
17
Let k = 14671 - 10758. Calculate the highest common divisor of k and 129.
43
Suppose 52*b - 191496 = -49*b. Calculate the greatest common divisor of 168 and b.
24
Let r(q) = q**3 - 6*q**2 + 9*q - 3. Let n be r(2). Let p = n + 3. Suppose -10 = -p*a, 3*s + 3*a - 4 = 26. What is the greatest common factor of s and 65?
5
Let n = 3656 + -3578. Calculate the greatest common factor of n and 494.
26
Let h(u) = 2*u - 4*u + u**2 + 0*u**2 - 15 + 19*u. Let c be h(-18). Let n(v) = v**2 + 4*v - 10. Let l be n(c). What is the greatest common divisor of 77 and l?
11
Let b be (43 + -21 - 7) + 0 + 9. What is the highest common divisor of 9876 and b?
12
Suppose -35 = -2*f - 4*g + 15, -4*f = -3*g - 56. Suppose 9*z - 287 = -f. What is the greatest common divisor of 30 and z?
30
Let l = -195 - -275. Let y = 239 - 234. Suppose 0 = 9*g - 7*g + y*o + 5, 4*g = 4*o + 60. Calculate the highest common divisor of g and l.
10
Let n = 569 + -319. Let m(y) = 4*y**2 - 6*y - 4. Let k be m(-3). Let u = -25 + k. What is the highest common factor of u and n?
25
Suppose -5*k - 4*x + 480 = 0, -377*k + 376*k - 5*x + 117 = 0. Calculate the greatest common divisor of k and 1794.
46
Let m = 2378 - 1391. What is the greatest common factor of m and 423?
141
Suppose n = -5*v + 5762, -26*v + 28*v + 4*n = 2312. Calculate the highest common divisor of 99 and v.
9
Suppose 12 = j - 0*j. Suppose 13*g = j*g. Let v be g + 0/2 + 24. What is the greatest common factor of v and 6?
6
Suppose -2*a + 4*p = -26, 3*a + 6*p = 3*p - 6. Suppose -14*s + 2001 = 9*s. Calculate the highest common factor of s and a.
3
Let h be (8 - (-2 + 3)) + 23. Let f be 15/((-1)/(-2)*(-8)/(-28)). Calculate the greatest common factor of h and f.
15
Let m be ((-12)/5)/(30/8250). Let n = -622 - m. Suppose 3*p + i - 5*i - 151 = 0, -2*p - 5*i = -139. Calculate the greatest common divisor of p and n.
19
Suppose 5*g - 45 = -t, 3*g = -4*t + 50 - 6. Suppose 3*z = -403 - 233. Let b = -140 - z. What is the greatest common factor of b and g?
8
Let w be -4*(13 - 12) + 329. Calculate the greatest common factor of 20 and w.
5
Let s be 25376/610*(-15)/(-6). Suppose 2*b - 5*q - 379 = 0, 4*b + 2*q - 323 = 399. What is the greatest common factor of b and s?
26
Let y(z) = 35*z**2 + 177*z - 1563. Let h be y(10). What is the greatest common factor of h and 121?
11
Suppose 276*t = 3472 + 11217 + 1871. Calculate the highest common factor of t and 3072.
12
Let r(u) = 34*u - 129. Let h be r(34). What is the greatest common divisor of h and 26?
13
Let a = 15 + 3. Let q = -14 + a. Suppose 3*b + 19 = 1, -4*b + 200 = 4*z. Calculate the greatest common divisor of q and z.
4
Suppose 3*a - 283 = -j, 3*j + 4*a - 844 = -0*a. Let q(x) = x**3 - 9*x**2 - 20*x + 32. Let v be q(12). Calculate the greatest common factor of j and v.
56
Suppose 1 = -2*o + 9, 63 = 5*z - 3*o. Suppose -c - 297 = 4*h, -308 = 2*c + h + 279. Let j = -173 - c. What is the greatest common factor of j and z?
15
Let r = 3063 - 2337. What is the greatest common divisor of 330 and r?
66
Suppose -4*h + 526 + 2 = 0. Suppose 4*v - 4*j - 485 = 5*v, -5*v - 2449 = -4*j. Let y be 6/15 - v*(-7)/(-105). What is the highest common factor of h and y?
33
Suppose i + 297 = -i - h, 0 = -5*i + 2*h - 738. Let k = 260 + i